it of 4941366?
9
What is the tens digit of 186691?
9
What is the hundreds digit of 70315?
3
What is the units digit of 1155387?
7
What is the tens digit of 362803?
0
What is the units digit of 109200?
0
What is the hundreds digit of 1053443?
4
What is the millions digit of 4671283?
4
What is the thousands digit of 6046491?
6
What is the ten thousands digit of 17629773?
2
What is the tens digit of 49671?
7
What is the units digit of 75852?
2
What is the units digit of 2225491?
1
What is the hundred thousands digit of 3830654?
8
What is the hundred thousands digit of 206872?
2
What is the thousands digit of 378388?
8
What is the units digit of 1172391?
1
What is the units digit of 325674?
4
What is the hundreds digit of 17128514?
5
What is the thousands digit of 3171465?
1
What is the tens digit of 860132?
3
What is the units digit of 8256?
6
What is the tens digit of 1088311?
1
What is the units digit of 3872054?
4
What is the tens digit of 9443492?
9
What is the thousands digit of 239951?
9
What is the hundred thousands digit of 816449?
8
What is the units digit of 50672?
2
What is the tens digit of 185705?
0
What is the hundred thousands digit of 681301?
6
What is the thousands digit of 81838?
1
What is the hundred thousands digit of 10497751?
4
What is the hundreds digit of 5545779?
7
What is the thousands digit of 4598454?
8
What is the tens digit of 18296679?
7
What is the hundreds digit of 1347372?
3
What is the thousands digit of 70706?
0
What is the units digit of 988793?
3
What is the ten thousands digit of 11856?
1
What is the hundreds digit of 186087?
0
What is the thousands digit of 7934108?
4
What is the hundreds digit of 164791?
7
What is the thousands digit of 11069631?
9
What is the hundred thousands digit of 136687?
1
What is the thousands digit of 6846921?
6
What is the hundred thousands digit of 137589?
1
What is the ten thousands digit of 15927941?
2
What is the hundreds digit of 13275265?
2
What is the thousands digit of 1515456?
5
What is the ten millions digit of 21356460?
2
What is the hundreds digit of 588393?
3
What is the thousands digit of 3312109?
2
What is the units digit of 321059?
9
What is the hundreds digit of 132359?
3
What is the thousands digit of 4402641?
2
What is the hundreds digit of 17896709?
7
What is the hundreds digit of 3053468?
4
What is the hundred thousands digit of 2377753?
3
What is the hundreds digit of 9337671?
6
What is the hundred thousands digit of 13943235?
9
What is the thousands digit of 62922?
2
What is the ten thousands digit of 375269?
7
What is the units digit of 300143?
3
What is the units digit of 435042?
2
What is the hundred thousands digit of 245840?
2
What is the tens digit of 166415?
1
What is the thousands digit of 2631547?
1
What is the tens digit of 4267349?
4
What is the thousands digit of 40551?
0
What is the millions digit of 2458691?
2
What is the thousands digit of 13819976?
9
What is the hundred thousands digit of 1359206?
3
What is the units digit of 4920477?
7
What is the hundreds digit of 21232121?
1
What is the units digit of 347917?
7
What is the ten thousands digit of 1236150?
3
What is the tens digit of 777184?
8
What is the tens digit of 245449?
4
What is the tens digit of 14399?
9
What is the ten thousands digit of 178603?
7
What is the tens digit of 968071?
7
What is the tens digit of 2600949?
4
What is the units digit of 277021?
1
What is the hundred thousands digit of 869391?
8
What is the ten thousands digit of 1603727?
0
What is the tens digit of 1105932?
3
What is the ten thousands digit of 25003322?
0
What is the millions digit of 4658057?
4
What is the hundred thousands digit of 1693530?
6
What is the units digit of 1408661?
1
What is the thousands digit of 808936?
8
What is the tens digit of 1480726?
2
What is the hundreds digit of 64453?
4
What is the hundreds digit of 840280?
2
What is the thousands digit of 155387?
5
What is the hundred thousands digit of 7212618?
2
What is the hundred thousands digit of 122151?
1
What is the hundred thousands digit of 2155858?
1
What is the hundreds digit of 380960?
9
What is the ten thousands digit of 4638519?
3
What is the tens digit of 109950?
5
What is the units digit of 16685321?
1
What is the ten thousands digit of 308008?
0
What is the hundreds digit of 110797?
7
What is the units digit of 14414?
4
What is the thousands digit of 21220132?
0
What is the hundred thousands digit of 1925832?
9
What is the ten thousands digit of 1476069?
7
What is the tens digit of 187423?
2
What is the ten thousands digit of 10267020?
6
What is the tens digit of 4275701?
0
What is the ten thousands digit of 14208275?
0
What is the ten thousands digit of 186717?
8
What is the ten thousands digit of 72850?
7
What is the hundreds digit of 14369901?
9
What is the hundred thousands digit of 3946611?
9
What is the hundred thousands digit of 363868?
3
What is the tens digit of 214341?
4
What is the ten thousands digit of 91379?
9
What is the millions digit of 1973373?
1
What is the hundreds digit of 630975?
9
What is the thousands digit of 8640037?
0
What is the tens digit of 427461?
6
What is the tens digit of 407823?
2
What is the thousands digit of 12761871?
1
What is the tens digit of 10633800?
0
What is the thousands digit of 448866?
8
What is the hundred thousands digit of 5902099?
9
What is the millions digit of 3620444?
3
What is the units digit of 967346?
6
What is the ten thousands digit of 5697622?
9
What is the hundreds digit of 299424?
4
What is the tens digit of 683429?
2
What is the hundreds digit of 9180674?
6
What is the hundred thousands digit of 12799701?
7
What is the hundred thousands digit of 747734?
7
What is the tens digit of 25827043?
4
What is the thousands digit of 28353?
8
What is the tens digit of 1247840?
4
What is the units digit of 472964?
4
What is the thousands digit of 181119?
1
What is the thousands digit of 10645929?
5
What is the ten thousands digit of 3704136?
0
What is the units digit of 3031477?
7
What is the ten thousands digit of 7668409?
6
What is the hundreds digit of 139680?
6
What is the tens digit of 3004103?
0
What is the thousands digit of 197142?
7
What is the units digit of 1090576?
6
What is the tens digit of 164849?
4
What is the units digit of 2301799?
9
What is the hundred thousands digit of 35156057?
1
What is the ten thousands digit of 4953445?
5
What is the tens digit of 947664?
6
What is the ten thousands digit of 2776227?
7
What is the hundreds digit of 485268?
2
What is the hundreds digit of 121152?
1
What is the ten thousands digit of 4590675?
9
What is the hundred thousands digit of 716260?
7
What is the ten thousands digit of 301597?
0
What is the thousands digit of 18589?
8
What is the ten thousands digit of 2511054?
1
What is the tens digit of 265755?
5
What is the units digit of 3450344?
4
What is the hundreds digit of 24077?
0
What is the tens digit of 128740?
4
What is the thousands digit of 1713260?
3
What is the units digit of 1958583?
3
What is the thousands digit of 870106?
0
What is the ten thousands digit of 169086?
6
What is the ten thousands digit of 2033008?
3
What is the tens digit of 16948?
4
What is the tens digit of 495638?
3
What is the hundreds digit of 6950381?
3
What is the millions digit of 18187509?
8
What is the tens digit of 3005760?
6
What is the ten thousands digit of 308110?
0
What is the hundred thousands digit of 5553170?
5
What is the tens digit of 766148?
4
What is the tens digit of 623796?
9
What is the thousands digit of 235584?
5
What is the tens digit of 482098?
9
What is the hundreds digit of 1307636?
6
What is the tens digit of 17248418?
1
What is the hundreds digit of 1262638?
6
What is the ten thousands digit of 36109597?
0
What is the units digit of 447538?
8
What is the thousands digit of 412716?
2
What is the units digit of 2967971?
1
What is the thousands digit of 26784?
6
What is the units digit of 231061?
1
What is the hundreds digit of 6603444?
4
What is the units digit of 5391389?
9
What is the tens digit of 1167046?
4
What is the ten thousands digit of 201317?
0
What is the thousands digit of 270526?
0
What is the hundred thousands digit of 740984?
7
What is the ten thousands digit of 318774?
1
What is the units di